(-28)?
2, 13, 31
Suppose 865*s - 161480 = 810*s. List the prime factors of s.
2, 367
Suppose -62*s = -57*s - 350. Suppose 4*n = f + 46, 0*f - 46 = f - 3*n. Let o = s + f. What are the prime factors of o?
2, 3
Let g be ((-15)/(-12))/(8 + 194/(-24)). Let b(n) = -72*n + 85. What are the prime factors of b(g)?
5, 233
Let y = 278 - 298. List the prime factors of ((-750)/y)/((-3)/(-18)).
3, 5
Let s = 4446 - -1326. Suppose 4*k = -4*x + s, x - 81 - 1350 = 5*k. List the prime factors of x.
11, 131
Let n be 128520/156 - (-2)/13. Suppose -d = 4*j - n, -3*j - 3*d - d + 618 = 0. Suppose -6*y = -8*y + j. List the prime factors of y.
103
What are the prime factors of ((-2)/(8/(-434)))/((-5181)/(-1034) + -5)?
7, 31, 47
Suppose w = -2*i + 171, -w = i - 2*i - 180. Suppose 370*j = 442*j + 8280. Let c = j + w. What are the prime factors of c?
2, 31
Let u(j) = 25*j**2 + 357*j + 10. What are the prime factors of u(-22)?
2, 7, 19
Suppose 187120 + 84736 = 52*a. What are the prime factors of a?
2, 1307
What are the prime factors of 18963129/411 + 1*-11?
2, 3, 31
Suppose -17*w = -323468 - 139476. List the prime factors of w.
2, 23, 37
Let u(p) = 2*p**3 - 8*p**2 - 58*p + 314. List the prime factors of u(6).
2, 5, 11
Let c = 125 - 122. Suppose -z - 1 = c*m + 1, 10 = 3*z + m. Suppose -3*a + a + 1126 = z*o, 5*o + 5*a = 1415. List the prime factors of o.
2, 5, 7
Let c(x) = -49*x**2 + 8*x + 8. Let r be c(-2). Let f = 497 + r. What are the prime factors of f?
293
Suppose 2*v - 4*v + 58 = 0. Let f = v - 37. Let q = 179 - f. What are the prime factors of q?
11, 17
Let l(h) = h**2 + 4*h + 1017. Suppose 34*x - 37*x = 0. List the prime factors of l(x).
3, 113
Suppose -3*l + 10*a - 6*a = -14342, 0 = -a - 2. What are the prime factors of l?
2, 2389
Suppose -13848 = 474*x - 486*x. List the prime factors of x.
2, 577
What are the prime factors of ((-16626)/153)/(3/(-234))?
2, 13, 163
Let s(d) = d**3 + 3*d**2 + d - 4. Let g be s(3). Let p = g - -122. List the prime factors of p.
5, 7
What are the prime factors of 39913 + (-108)/(432/(-16))?
179, 223
Let r(g) = -27*g**2 - 27*g + 22. Let a be r(10). Let o = a - -4389. List the prime factors of o.
11, 131
Suppose 4*b = 3*b + 5*d + 20, -3*d = b + 4. Suppose 421 = p - b*w, 5*p + 19*w = 20*w + 2009. What are the prime factors of p?
401
What are the prime factors of (2 - 1)*(3687 + -27)*3?
2, 3, 5, 61
Let a(f) = 2*f - 16. Let u be (-4)/12*0 + 1 + 2. Let l(q) = 3*q - 15. Let p(y) = u*l(y) - 4*a(y). List the prime factors of p(9).
2, 7
List the prime factors of 25/225 + 1*(-102149)/(-9).
2, 5, 227
Let b(z) = -z**3 - 9*z + 9*z. Let j be b(0). Suppose -2*l + 0*l + 3*v + 17 = j, v = l - 11. What are the prime factors of l?
2
Suppose 5*v - v - s = 82, 5*s = 3*v - 70. Let p(o) = 12*o - 5. Let x be p(2). Suppose x*h + 26 = v*h. List the prime factors of h.
2, 13
Suppose f + 996 = -a + 4*f, -a - 1006 = -5*f. Let b = a + 1820. What are the prime factors of b?
839
Suppose 0 = 3*s - 10 + 4. Suppose 10*h - 5*h - a - 678 = 0, -s*h = 2*a - 276. What are the prime factors of h?
2, 17
Let m be -2 + (85 - 0/(-3)). Suppose 88*o - m*o = 1730. What are the prime factors of o?
2, 173
Suppose -22*n - 95201 = -105*n. List the prime factors of n.
31, 37
Let h be -63 - -3 - (2 - (0 + 3)). Suppose 0 = 2*b - b + 36. Let t = b - h. List the prime factors of t.
23
Let r(h) = h**3 - 6*h**2 - 2. Let j be r(8). Let t(q) = 4*q**3 - q**2 + 9*q - 4. Let k be t(2). Let s = j - k. What are the prime factors of s?
2, 3, 7
Let f = -4 + 6. Let p be 5/((-75)/(-2)) + (-136)/1020. Suppose -f*h = 4*u - 88, -5*u - 4*h + 15 + 95 = p. List the prime factors of u.
2, 11
Suppose 1065*m = 1090*m - 460232 - 119193. What are the prime factors of m?
7, 11, 43
Let q be 57 - (36/(-30) + 2/10). Let s = q - 58. What are the prime factors of 4/(s + -4) - -24?
23
Let i(m) = m**2 - 28*m + 30. Let s be i(27). Suppose 92 = s*w - 250. Let t = 325 - w. What are the prime factors of t?
211
Let q be (4 - (-8)/(-3))*(0 + -210). What are the prime factors of 7/5 + (-312928)/q?
3, 373
Suppose 4*n - 2*p = 1028, 201 + 66 = n + 2*p. Suppose 2*v - n = -i, i - 80 - 187 = 2*v. List the prime factors of i.
263
Let t = -6 - -8. Suppose -1 = -t*z + 21. Suppose -6*g = -z*g + 425. List the prime factors of g.
5, 17
Suppose 119*w - 72 = 115*w. Suppose -8*c = -w*c + 7190. List the prime factors of c.
719
Suppose 7*b + 5300 = 17*b. Let z = 745 - b. What are the prime factors of z?
5, 43
Let z(n) = -2*n**3 - 17*n**2 - n + 16. Let u be z(-8). What are the prime factors of (u/(-25))/(3/1530)?
2, 3, 17
Let i(k) = 5*k**2 + 6*k + 40. Suppose 0 = -11*p + 13*p - 3*h + 19, -2*p - 5*h - 11 = 0. List the prime factors of i(p).
2, 3, 13
Let n(c) be the third derivative of c**5/60 + 29*c**4/24 - 7*c**3/2 + 3*c**2. Let k be n(-24). Let p = k + 235. List the prime factors of p.
2, 47
Let i = -25 - -26. Suppose -2*n - t = -i, 3*n + 4 = -n - 4*t. List the prime factors of 1/(-3)*(-2 - (53 + n)).
19
Suppose 4*k + 1373 = 9773. Suppose -7*o = -0*o - k. What are the prime factors of o?
2, 3, 5
Let a(l) = 50*l + 1101. What are the prime factors of a(46)?
19, 179
Let o be (-14)/7 + -978 + 2. Let g = -447 - o. What are the prime factors of g?
3, 59
Suppose -39876*f - 316620 = -39885*f. What are the prime factors of f?
2, 5, 1759
Let m be 2 - 15/(-3) - -2. Suppose -m*a + 2520 = -2844. List the prime factors of a.
2, 149
Let v(q) = q**2 - 9*q + 16. Let x be v(7). Suppose -8*n + 4*n = -5*m + 2413, -x*m + 966 = -2*n. List the prime factors of m.
13, 37
Suppose 2511933 = 94*t - 84347. List the prime factors of t.
2, 5, 1381
Let u = -8837 + 36896. List the prime factors of u.
3, 47, 199
Let h(d) = -d + 1. Let t(f) = 4*f - 11. Let g(o) = -3*h(o) - t(o). Let z be g(13). What are the prime factors of 1/((-176)/36 - z)?
3
Let g(r) = 63*r**3 - 7*r**2 + 77*r - 452. List the prime factors of g(7).
131, 163
Suppose 5*g - 11345 = 5*x, -5*g + 2*g + x + 6805 = 0. Let p be (g/(-24))/((-1)/(-2)). Let r = 2 - p. List the prime factors of r.
191
Let h be (-5 + 1)*((-14)/4 + 7). Let g(l) = -4*l - 52. Let f be g(h). What are the prime factors of f/((-8)/(-22))*(-40)/(-8)?
5, 11
List the prime factors of 96190920/2160 - 1/(-6).
44533
Suppose 0 = -2*c + 2*n + 20, -7*c + 2*c - 5*n + 50 = 0. Suppose 0 = 5*r - 45 + c. What are the prime factors of r?
7
Let m = 7 + 108. What are the prime factors of m - (-5 + (-24)/(-4))?
2, 3, 19
Suppose -95*c - 2*c = -0*c - 4634078. List the prime factors of c.
2, 23887
Let c(t) = 8*t**3 + 26*t**2 + 9*t + 148. What are the prime factors of c(13)?
5, 4447
Let p = -2823 + 4656. What are the prime factors of p?
3, 13, 47
Let i be ((-21)/5 - -3)/((-18)/(-2220)). Let k = -106 - i. Suppose k*z = 43*z - 107. List the prime factors of z.
107
What are the prime factors of (-18)/(-27)*(6965 + -11)?
2, 19, 61
Let s be (-2)/(-12) - 3635/(-6). Let b = s - 299. What are the prime factors of b?
307
Let b = 15592 - 9256. What are the prime factors of b?
2, 3, 11
Let l = -31295 - -53440. List the prime factors of l.
5, 43, 103
Let o(p) = -p**3 + 13*p**2 + 47*p - 3. Let t be o(16). Let q = t + 135. List the prime factors of q.
2, 29
Let i = 16215 - 4665. List the prime factors of i.
2, 3, 5, 7, 11
Let b(n) = 157*n**2 + 27*n + 2. List the prime factors of b(6).
2, 727
Let s be -10*(-3)/(-6)*(-876)/20. Let k = 402 - s. What are the prime factors of k?
3, 61
Suppose -27362 = -5*f + 2*s, 23*s = 5*f + 19*s - 27364. List the prime factors of f.
2, 3, 19
Suppose -5*r + 345 = z, -4*z - 69 = -r - 0*z. Let a = -87 + r. What are the prime factors of (-1083)/a + 3/(-18)?
2, 3, 5
Suppose -189*j + 190*j + 13 = 0. What are the prime factors of 2/j + 2/(-156)*-48606?
7, 89
Suppose 0*r + r + 3*w = 5, -3*w + 11 = -5*r. Let m be 0/1 - (r + 1 - 2). Suppose -4 = -m*j, 2*i + j - 152 - 236 = 0. What are the prime factors of i?
193
Let p(g) = g + 13. Let i be (-1)/(-5) - (0 + (-41)/(-5)). Let t be p(i). Suppose -3*d = -4*s + 213, -5*d = -t - 20. What are the prime factors of s?
3, 19
Suppose -l = -4*a - 19, 3*l - 25 = 3*a + a. Suppose d + 20 = -l*d. What are the prime factors of 6/15 - 508/d?
2, 3, 17
List the prime factors of 2/(-40)*-15 + 208908/16*3.
3, 11, 1187
Let f = 11531 + -6775. What are the prime factors of f?
2, 29, 41
Let j = 5409 - 1030. List the prime factors of j